{"id":84,"date":"2024-11-18T10:24:56","date_gmt":"2024-11-18T09:24:56","guid":{"rendered":"https:\/\/luxida.es\/?page_id=84"},"modified":"2025-02-13T17:07:38","modified_gmt":"2025-02-13T16:07:38","slug":"nota-legal","status":"publish","type":"page","link":"https:\/\/luxida.es\/ca\/nota-legal\/","title":{"rendered":"Av\u00eds Legal"},"content":{"rendered":"<div data-elementor-type=\"wp-page\" data-elementor-id=\"84\" class=\"elementor elementor-84\" data-elementor-post-type=\"page\">\n\t\t\t\t<div class=\"elementor-element elementor-element-52f2f78 e-con-full e-flex e-con e-parent\" data-id=\"52f2f78\" data-element_type=\"container\">\n\t\t\t\t<div class=\"elementor-element elementor-element-afab65f elementor-widget elementor-widget-heading\" data-id=\"afab65f\" data-element_type=\"widget\" data-widget_type=\"heading.default\">\n\t\t\t\t<div class=\"elementor-widget-container\">\n\t\t\t\t\t<h1 class=\"elementor-heading-title elementor-size-default\">Av\u00eds Legal<\/h1>\t\t\t\t<\/div>\n\t\t\t\t<\/div>\n\t\t\t\t<div class=\"elementor-element elementor-element-cd2ee86 elementor-widget elementor-widget-text-editor\" data-id=\"cd2ee86\" data-element_type=\"widget\" data-widget_type=\"text-editor.default\">\n\t\t\t\t<div class=\"elementor-widget-container\">\n\t\t\t\t\t\t\t\t\t<p>De conformitat amb el que estableix la Llei 34\/2002, d&#039;11 de juliol, de serveis de la societat de la informaci\u00f3 i de comer\u00e7 electr\u00f2nic, es facilita la informaci\u00f3 seg\u00fcent:<\/p><p><strong>DADES IDENTIFICATIVES<\/strong><\/p><p>Vost\u00e8 est\u00e0 visitant la p\u00e0gina web https:\/\/luxida.es titularitat LUXIDA SL amb domicili social a C. Gobelas, 13 1a planta, Moncloa \u2013 Aravaca, 28023 Madrid, Espanya, amb NIF B87949004, <span data-teams=\"true\">inscrita al Registre Mercantil de Madrid, al Tom 36598, Foli 1, Secci\u00f3 8, HojaM-656835. D&#039;ara endavant, el <strong>TITULAR<\/strong>.\u00a0<\/span><br \/>Podeu contactar amb el Titular per qualsevol dels mitjans seg\u00fcents:<br \/>Tel\u00e8fon: 913576310<br \/>Correu electr\u00f2nic de contacte: luxida@luxida.es<\/p><p><strong>USUARIS<\/strong><\/p><p>Mitjan\u00e7ant aquest document posem en el seu coneixement els termes i condicions que regulen l&#039;acc\u00e9s i l&#039;\u00fas dels llocs web i aplicacions app m\u00f2bils del Titular, aix\u00ed com dels serveis i continguts associats a aquests llocs i aplicacions (d&#039;ara endavant tamb\u00e9 el\/s lloc\/ els llocs web i app m\u00f2bils).<br \/>L&#039;acc\u00e9s o \u00fas de qualsevol interessat a un lloc web i\/o app del Titular implica que l&#039;interessat adquireix la condici\u00f3 d&#039;usuari i amb aquesta condici\u00f3, una s\u00e8rie de drets i obligacions.<br \/>\u00c9s la seva responsabilitat accedir a les condicions legals inserides a la present web i llegir-les detingudament, aix\u00ed com, les pol\u00edtiques de privadesa, cookies o si escau, condicions de venda. Recomanem:<br \/>1 Que visiti les mateixes cada vegada que pretengui accedir o utilitzar els serveis i continguts del lloc i<br \/>2 Que imprimiu o emmagatzemi una c\u00f2pia al vostre sistema.<\/p><p><strong>\u00daS DEL PORTAL<\/strong><\/p><p>Aquest web proporciona l&#039;acc\u00e9s a multitud d&#039;informaci\u00f3, serveis, programes o dades (d&#039;ara endavant, \u201cels continguts\u201d) a Internet pertanyents al Titular o als seus llicenciants als quals l&#039;usuari pot tenir acc\u00e9s.<br \/>L\u00b4Usuari assumeix la responsabilitat de l\u00b4\u00fas del portal. Aquesta responsabilitat s&#039;est\u00e9n al registre necessari per accedir a determinats serveis o continguts. En aquest registre l&#039;usuari ser\u00e0 responsable d&#039;aportar informaci\u00f3 vera\u00e7 i l\u00edcita. Com a conseq\u00fc\u00e8ncia d&#039;aquest registre, a l&#039;Usuari se li pot proporcionar una contrasenya de la qual ser\u00e0 responsable, comprometent-se a fer-ne un \u00fas diligent i confidencial.<br \/>L&#039;Usuari es compromet a fer un \u00fas adequat dels continguts i serveis (per exemple, serveis de xat, f\u00f2rums de discussi\u00f3 o grups de not\u00edcies) que el Titular ofereix a trav\u00e9s del seu portal i amb car\u00e0cter enunciatiu per\u00f2 no limitatiu, a no fer-los servir per a:<br \/>\u2022 Inc\u00f3rrer en activitats il\u00b7l\u00edcites, il\u00b7legals o contr\u00e0ries a la bona fe i l&#039;ordre p\u00fablic.<br \/>\u2022 Difondre continguts o propaganda racista, xen\u00f2foba, pornogr\u00e0fic-il\u00b7legal, d&#039;apologia del terrorisme o atemptat\u00f2ria contra els drets humans.<br \/>\u2022 Provocar danys als sistemes f\u00edsics i l\u00f2gics del Titular, dels seus prove\u00efdors o de terceres persones, introduir o difondre a la xarxa virus inform\u00e0tics o qualssevol altres sistemes f\u00edsics o l\u00f2gics que siguin susceptibles de provocar els danys anteriorment esmentats.<br \/>\u2022 Intentar accedir i, si escau, utilitzar els comptes de correu electr\u00f2nic d&#039;altres usuaris i modificar-ne o manipular-ne els missatges.<br \/>\u2022 Utilitzar el lloc web ni les informacions que s&#039;hi contenen amb finalitats comercials, pol\u00edtiques, publicit\u00e0ries i per a qualsevol \u00fas comercial, sobretot en l&#039;enviament de correus electr\u00f2nics no sol\u00b7licitats.<br \/>El Titular es reserva el dret de retirar tots aquells comentaris i aportacions que vulnerin el respecte a la dignitat de la persona, que siguin discriminatoris, xen\u00f2fobs, racistes, pornogr\u00e0fics, que atemptin contra la joventut o la inf\u00e0ncia, l&#039;ordre o la seguretat p\u00fablica o que, a parer seu, no resultaran adequats per a la seva publicaci\u00f3. En qualsevol cas, el Titular no ser\u00e0 responsable de les opinions abocades pels usuaris a trav\u00e9s dels f\u00f2rums, xats o altres eines de participaci\u00f3.<\/p><p><strong>PROTECCI\u00d3 DE DADES<\/strong><\/p><p>Tot all\u00f2 relatiu al tractament de les seves dades personals, es troba recollit a la <a href=\"https:\/\/luxida.es\/ca\/politica-de-privacidad\/\">Pol\u00edtica de Privadesa.<\/a><\/p><p><strong>CONTINGUTS.<\/strong><\/p><p>El Titular \u00e9s propietari de tots els drets de propietat intel\u00b7lectual i industrial de la seva p\u00e0gina web, aix\u00ed com dels elements continguts a la mateixa (a t\u00edtol enunciatiu: imatges, fotografies, so, \u00e0udio, v\u00eddeo, programari o textos; marques o logotips, combinacions de colors, estructura i disseny, selecci\u00f3 de materials usats, programes dordinador necessaris per al seu funcionament, acc\u00e9s i \u00fas, etc.), titularitat del Titular o b\u00e9 dels seus llicenciants.<br \/>Tots els drets reservats. En virtut del que disposen els articles 8 i 32.1, par\u00e0graf segon, de la Llei de propietat intel\u00b7lectual, queden expressament prohibides la reproducci\u00f3, la distribuci\u00f3 i la comunicaci\u00f3 p\u00fablica, inclosa la seva modalitat de posada a disposici\u00f3, de la totalitat o part dels continguts d&#039;aquesta p\u00e0gina web, amb finalitats comercials, a qualsevol suport i per qualsevol mitj\u00e0 t\u00e8cnic, sense l&#039;autoritzaci\u00f3 del Titular.<\/p><p><strong>EXCLUSI\u00d3 DE GARANTIES I RESPONSABILITAT<\/strong><\/p><p>L&#039;Usuari reconeix que la utilitzaci\u00f3 de la p\u00e0gina web i dels seus continguts i serveis es desenvolupa sota la seva responsabilitat exclusiva. En concret, a t\u00edtol merament enunciatiu, el Titular no assumeix cap responsabilitat en els \u00e0mbits seg\u00fcents:<br \/>\u2022 La disponibilitat del funcionament de la p\u00e0gina web, els seus serveis i continguts i la seva qualitat o interoperabilitat.<br \/>\u2022 La finalitat per a la qual la p\u00e0gina web serveixi als objectius de l&#039;usuari.<br \/>\u2022 La infracci\u00f3 de la legislaci\u00f3 vigent per part de l&#039;usuari o tercers i, en concret, dels drets de propietat intel\u00b7lectual i industrial que siguin titularitat d&#039;altres persones o entitats.<br \/>\u2022 L&#039;exist\u00e8ncia de codis maliciosos o qualsevol altre element inform\u00e0tic nociu que pogu\u00e9s causar el sistema inform\u00e0tic de l&#039;usuari o de tercers. Correspon a l&#039;Usuari, en tot cas, disposar d&#039;eines adequades per a la detecci\u00f3 i la desinfecci\u00f3 d&#039;aquests elements.<br \/>\u2022 L&#039;acc\u00e9s fraudulent als continguts o serveis per tercers no autoritzats, o, si escau, la captura, eliminaci\u00f3, alteraci\u00f3, modificaci\u00f3 o manipulaci\u00f3 dels missatges i comunicacions de qualsevol classe que aquests tercers pogu\u00e9s realitzar.<br \/>\u2022 Els danys produ\u00efts a equips inform\u00e0tics durant l&#039;acc\u00e9s a la p\u00e0gina web i els danys produ\u00efts als usuaris quan tinguin l&#039;origen en errors o desconnexions a les xarxes de telecomunicacions que interrompin el servei.<br \/>\u2022 Els danys o perjudicis que es derivin de circumst\u00e0ncies esdevingudes per cas fortu\u00eft o for\u00e7a major.<\/p><p><span data-contrast=\"none\">\u2022 La responsabilitat de guardar la confidencialitat de les vostres contrasenyes i de qualsevol altra informaci\u00f3 d&#039;acc\u00e9s al vostre compte. L&#039;Usuari \u00e9s l&#039;\u00fanic responsable de mantenir la seguretat de les credencials d&#039;acc\u00e9s i de no compartir-les amb tercers. En cas que l&#039;Usuari detecti qualsevol \u00fas no autoritzat del seu compte, ho haur\u00e0 de notificar immediatament al Titular. El titular no ser\u00e0 responsable de cap p\u00e8rdua o dany que es derivi de l&#039;incompliment d&#039;aquesta obligaci\u00f3 per part de l&#039;usuari.<\/span><span data-ccp-props=\"{}\">\u00a0<\/span><\/p><p><span data-contrast=\"none\">\u2022 En cas que hi hagi f\u00f2rums, l&#039;\u00fas dels mateixos o d&#039;altres espais an\u00e0legs, cal tenir en compte que els missatges reflecteixen \u00fanicament l&#039;opini\u00f3 de l&#039;Usuari que els remet, i aquest \u00e9s l&#039;\u00fanic responsable dels mateixos. En conseq\u00fc\u00e8ncia, el titular no es fa responsable del contingut dels missatges enviats per l&#039;usuari. <\/span><span data-ccp-props=\"{}\">\u00a0<\/span><\/p><p><strong>MODIFICACI\u00d3 D&#039;AQUEST AV\u00cdS LEGAL I DURADA<\/strong><\/p><p>El Titular es reserva el dret d&#039;efectuar sense previ av\u00eds les modificacions que consideri oportunes al seu portal, podent canviar, suprimir o afegir tants continguts i serveis que es prestin a trav\u00e9s d&#039;aquesta, com la forma en qu\u00e8 aquests apareguin representats o localitzats al vostre portal.<br \/>La vig\u00e8ncia de les condicions esmentades anir\u00e0 en funci\u00f3 de la seva exposici\u00f3 i estaran vigents fins que siguin modificades per altres degudament publicades.<\/p><p><strong>ENLLA\u00c7OS<\/strong><\/p><p>En cas que a https:\/\/luxida.es s&#039;incloguessin enlla\u00e7os o hipervincles cap a altres llocs d&#039;Internet, el Titular no exercir\u00e0 cap tipus de control sobre aquests llocs i continguts. En cap cas el Titular assumir\u00e0 cap responsabilitat pels continguts d&#039;algun enlla\u00e7 pertanyent a un lloc web ali\u00e8, ni garantir\u00e0 la disponibilitat t\u00e8cnica, qualitat, fiabilitat, exactitud, amplitud, veracitat, validesa i constitucionalitat de qualsevol mat\u00e8ria o informaci\u00f3 continguda en cap d&#039;aquests. hipervincles i altres llocs a Internet. Igualment, la inclusi\u00f3 d&#039;aquestes connexions externes no implicar\u00e0 cap mena d&#039;associaci\u00f3, fusi\u00f3 o participaci\u00f3 amb les entitats connectades.<\/p><p><strong>DRETS D&#039;EXCLUSI\u00d3<\/strong><\/p><p>El Titular es reserva el dret de denegar o retirar l&#039;acc\u00e9s al portal i\/o als serveis oferts sense necessitat d&#039;advertiment previ, a inst\u00e0ncia pr\u00f2pia o d&#039;un tercer, a aquells usuaris que incompleixin el contingut d&#039;aquest av\u00eds legal.<\/p><p><strong>GENERALITATS<\/strong><\/p><p>El Titular perseguir\u00e0 l&#039;incompliment de les presents condicions aix\u00ed com qualsevol utilitzaci\u00f3 indeguda del portal exercint totes les accions civils i penals que li puguin correspondre en dret.<\/p><p><strong>LEGISLACI\u00d3 APLICABLE I JURISDICCI\u00d3<\/strong><\/p><p>La relaci\u00f3 entre el titular i l&#039;usuari es regir\u00e0 per la normativa espanyola vigent. Totes les disputes i reclamacions derivades d&#039;aquest av\u00eds legal les resoldran els jutjats i els tribunals espanyols del consumidor i usuari.<\/p><p><strong>MENORS D&#039;EDAT<\/strong><\/p><p>Aquesta web dirigeix els seus serveis a usuaris majors. Els menors d&#039;aquesta edat no estan autoritzats a utilitzar els nostres serveis i, per tant, no ens han d&#039;enviar les dades personals. Informem que si es d\u00f3na aquesta circumst\u00e0ncia, el Titular no es fa responsable de les possibles conseq\u00fc\u00e8ncies que es puguin derivar de l&#039;incompliment de l&#039;av\u00eds que s&#039;estableix en aquesta mateixa cl\u00e0usula.<\/p><p><strong>MESURES DE SEGURETAT \u2013 SSL<\/strong><\/p><p>El Titular ha contractat per al seu lloc web un certificat SSL (Secure Sockets Layer).<br \/>Un certificat SSL permet protegir tota la informaci\u00f3 personal i confidencial que es pugui manejar en un lloc web, independentment de la informaci\u00f3 que s&#039;estigui transmetent, com ara des de qualsevol dels formularis de contacte del lloc web fins al servidor, o les dades introdu\u00efts per a la subscripci\u00f3 de butlletins de not\u00edcies o accessos a les \u00e0rees protegides, etc.<br \/>L&#039;adre\u00e7a del lloc web apareixer\u00e0 de color verd, activant-se el protocol \u201chttps\u201d que permet connexions segures des d&#039;un servidor web al navegador de l&#039;usuari.<\/p><p>\u00daltima revisi\u00f3: 24 de novembre de 2022<\/p>\t\t\t\t\t\t\t\t<\/div>\n\t\t\t\t<\/div>\n\t\t\t\t<\/div>\n\t\t\t\t<\/div>","protected":false},"excerpt":{"rendered":"<p>Aviso Legal De conformidad con lo establecido en la Ley 34\/2002, de 11 de julio, de servicios de la sociedad de la informaci\u00f3n y de comercio electr\u00f3nico, se facilita la siguiente informaci\u00f3n: DATOS IDENTIFICATIVOS Usted est\u00e1 visitando la p\u00e1gina web https:\/\/luxida.es\u00a0 titularidad \u00a0LUXIDA SL con domicilio social en C. Gobelas, 13 1\u00aa planta, Moncloa &#8211; [&hellip;]<\/p>","protected":false},"author":1,"featured_media":0,"parent":0,"menu_order":12,"comment_status":"closed","ping_status":"closed","template":"","meta":{"footnotes":""},"class_list":["post-84","page","type-page","status-publish","hentry"],"_links":{"self":[{"href":"https:\/\/luxida.es\/ca\/wp-json\/wp\/v2\/pages\/84","targetHints":{"allow":["GET"]}}],"collection":[{"href":"https:\/\/luxida.es\/ca\/wp-json\/wp\/v2\/pages"}],"about":[{"href":"https:\/\/luxida.es\/ca\/wp-json\/wp\/v2\/types\/page"}],"author":[{"embeddable":true,"href":"https:\/\/luxida.es\/ca\/wp-json\/wp\/v2\/users\/1"}],"replies":[{"embeddable":true,"href":"https:\/\/luxida.es\/ca\/wp-json\/wp\/v2\/comments?post=84"}],"version-history":[{"count":13,"href":"https:\/\/luxida.es\/ca\/wp-json\/wp\/v2\/pages\/84\/revisions"}],"predecessor-version":[{"id":5733,"href":"https:\/\/luxida.es\/ca\/wp-json\/wp\/v2\/pages\/84\/revisions\/5733"}],"wp:attachment":[{"href":"https:\/\/luxida.es\/ca\/wp-json\/wp\/v2\/media?parent=84"}],"curies":[{"name":"wp","href":"https:\/\/api.w.org\/{rel}","templated":true}]}}

Avís Legal

<div data-elementor-type="wp-page" data-elementor-id="84" class="elementor elementor-84" data-elementor-post-type="page">
				<div class="elementor-element elementor-element-52f2f78 e-con-full e-flex e-con e-parent" data-id="52f2f78" data-element_type="container">
				<div class="elementor-element elementor-element-afab65f elementor-widget elementor-widget-heading" data-id="afab65f" data-element_type="widget" data-widget_type="heading.default">
				<div class="elementor-widget-container">
					<h1 class="elementor-heading-title elementor-size-default">Avís Legal</h1>				</div>
				</div>
				<div class="elementor-element elementor-element-cd2ee86 elementor-widget elementor-widget-text-editor" data-id="cd2ee86" data-element_type="widget" data-widget_type="text-editor.default">
				<div class="elementor-widget-container">
									<p>De conformitat amb el que estableix la Llei 34/2002, d&#039;11 de juliol, de serveis de la societat de la informació i de comerç electrònic, es facilita la informació següent:</p><p><strong>DADES IDENTIFICATIVES</strong></p><p>Vostè està visitant la pàgina web https://luxida.es titularitat LUXIDA SL amb domicili social a C. Gobelas, 13 1a planta, Moncloa – Aravaca, 28023 Madrid, Espanya, amb NIF B87949004, <span data-teams="true">inscrita al Registre Mercantil de Madrid, al Tom 36598, Foli 1, Secció 8, HojaM-656835. D&#039;ara endavant, el <strong>TITULAR</strong>. </span><br />Podeu contactar amb el Titular per qualsevol dels mitjans següents:<br />Telèfon: 913576310<br />Correu electrònic de contacte: luxida@luxida.es</p><p><strong>USUARIS</strong></p><p>Mitjançant aquest document posem en el seu coneixement els termes i condicions que regulen l&#039;accés i l&#039;ús dels llocs web i aplicacions app mòbils del Titular, així com dels serveis i continguts associats a aquests llocs i aplicacions (d&#039;ara endavant també el/s lloc/ els llocs web i app mòbils).<br />L&#039;accés o ús de qualsevol interessat a un lloc web i/o app del Titular implica que l&#039;interessat adquireix la condició d&#039;usuari i amb aquesta condició, una sèrie de drets i obligacions.<br />És la seva responsabilitat accedir a les condicions legals inserides a la present web i llegir-les detingudament, així com, les polítiques de privadesa, cookies o si escau, condicions de venda. Recomanem:<br />1 Que visiti les mateixes cada vegada que pretengui accedir o utilitzar els serveis i continguts del lloc i<br />2 Que imprimiu o emmagatzemi una còpia al vostre sistema.</p><p><strong>ÚS DEL PORTAL</strong></p><p>Aquest web proporciona l&#039;accés a multitud d&#039;informació, serveis, programes o dades (d&#039;ara endavant, “els continguts”) a Internet pertanyents al Titular o als seus llicenciants als quals l&#039;usuari pot tenir accés.<br />L´Usuari assumeix la responsabilitat de l´ús del portal. Aquesta responsabilitat s&#039;estén al registre necessari per accedir a determinats serveis o continguts. En aquest registre l&#039;usuari serà responsable d&#039;aportar informació veraç i lícita. Com a conseqüència d&#039;aquest registre, a l&#039;Usuari se li pot proporcionar una contrasenya de la qual serà responsable, comprometent-se a fer-ne un ús diligent i confidencial.<br />L&#039;Usuari es compromet a fer un ús adequat dels continguts i serveis (per exemple, serveis de xat, fòrums de discussió o grups de notícies) que el Titular ofereix a través del seu portal i amb caràcter enunciatiu però no limitatiu, a no fer-los servir per a:<br />• Incórrer en activitats il·lícites, il·legals o contràries a la bona fe i l&#039;ordre públic.<br />• Difondre continguts o propaganda racista, xenòfoba, pornogràfic-il·legal, d&#039;apologia del terrorisme o atemptatòria contra els drets humans.<br />• Provocar danys als sistemes físics i lògics del Titular, dels seus proveïdors o de terceres persones, introduir o difondre a la xarxa virus informàtics o qualssevol altres sistemes físics o lògics que siguin susceptibles de provocar els danys anteriorment esmentats.<br />• Intentar accedir i, si escau, utilitzar els comptes de correu electrònic d&#039;altres usuaris i modificar-ne o manipular-ne els missatges.<br />• Utilitzar el lloc web ni les informacions que s&#039;hi contenen amb finalitats comercials, polítiques, publicitàries i per a qualsevol ús comercial, sobretot en l&#039;enviament de correus electrònics no sol·licitats.<br />El Titular es reserva el dret de retirar tots aquells comentaris i aportacions que vulnerin el respecte a la dignitat de la persona, que siguin discriminatoris, xenòfobs, racistes, pornogràfics, que atemptin contra la joventut o la infància, l&#039;ordre o la seguretat pública o que, a parer seu, no resultaran adequats per a la seva publicació. En qualsevol cas, el Titular no serà responsable de les opinions abocades pels usuaris a través dels fòrums, xats o altres eines de participació.</p><p><strong>PROTECCIÓ DE DADES</strong></p><p>Tot allò relatiu al tractament de les seves dades personals, es troba recollit a la <a href="https://luxida.es/ca/politica-de-privacidad/">Política de Privadesa.</a></p><p><strong>CONTINGUTS.</strong></p><p>El Titular és propietari de tots els drets de propietat intel·lectual i industrial de la seva pàgina web, així com dels elements continguts a la mateixa (a títol enunciatiu: imatges, fotografies, so, àudio, vídeo, programari o textos; marques o logotips, combinacions de colors, estructura i disseny, selecció de materials usats, programes dordinador necessaris per al seu funcionament, accés i ús, etc.), titularitat del Titular o bé dels seus llicenciants.<br />Tots els drets reservats. En virtut del que disposen els articles 8 i 32.1, paràgraf segon, de la Llei de propietat intel·lectual, queden expressament prohibides la reproducció, la distribució i la comunicació pública, inclosa la seva modalitat de posada a disposició, de la totalitat o part dels continguts d&#039;aquesta pàgina web, amb finalitats comercials, a qualsevol suport i per qualsevol mitjà tècnic, sense l&#039;autorització del Titular.</p><p><strong>EXCLUSIÓ DE GARANTIES I RESPONSABILITAT</strong></p><p>L&#039;Usuari reconeix que la utilització de la pàgina web i dels seus continguts i serveis es desenvolupa sota la seva responsabilitat exclusiva. En concret, a títol merament enunciatiu, el Titular no assumeix cap responsabilitat en els àmbits següents:<br />• La disponibilitat del funcionament de la pàgina web, els seus serveis i continguts i la seva qualitat o interoperabilitat.<br />• La finalitat per a la qual la pàgina web serveixi als objectius de l&#039;usuari.<br />• La infracció de la legislació vigent per part de l&#039;usuari o tercers i, en concret, dels drets de propietat intel·lectual i industrial que siguin titularitat d&#039;altres persones o entitats.<br />• L&#039;existència de codis maliciosos o qualsevol altre element informàtic nociu que pogués causar el sistema informàtic de l&#039;usuari o de tercers. Correspon a l&#039;Usuari, en tot cas, disposar d&#039;eines adequades per a la detecció i la desinfecció d&#039;aquests elements.<br />• L&#039;accés fraudulent als continguts o serveis per tercers no autoritzats, o, si escau, la captura, eliminació, alteració, modificació o manipulació dels missatges i comunicacions de qualsevol classe que aquests tercers pogués realitzar.<br />• Els danys produïts a equips informàtics durant l&#039;accés a la pàgina web i els danys produïts als usuaris quan tinguin l&#039;origen en errors o desconnexions a les xarxes de telecomunicacions que interrompin el servei.<br />• Els danys o perjudicis que es derivin de circumstàncies esdevingudes per cas fortuït o força major.</p><p><span data-contrast="none">• La responsabilitat de guardar la confidencialitat de les vostres contrasenyes i de qualsevol altra informació d&#039;accés al vostre compte. L&#039;Usuari és l&#039;únic responsable de mantenir la seguretat de les credencials d&#039;accés i de no compartir-les amb tercers. En cas que l&#039;Usuari detecti qualsevol ús no autoritzat del seu compte, ho haurà de notificar immediatament al Titular. El titular no serà responsable de cap pèrdua o dany que es derivi de l&#039;incompliment d&#039;aquesta obligació per part de l&#039;usuari.</span><span data-ccp-props="{}"> </span></p><p><span data-contrast="none">• En cas que hi hagi fòrums, l&#039;ús dels mateixos o d&#039;altres espais anàlegs, cal tenir en compte que els missatges reflecteixen únicament l&#039;opinió de l&#039;Usuari que els remet, i aquest és l&#039;únic responsable dels mateixos. En conseqüència, el titular no es fa responsable del contingut dels missatges enviats per l&#039;usuari. </span><span data-ccp-props="{}"> </span></p><p><strong>MODIFICACIÓ D&#039;AQUEST AVÍS LEGAL I DURADA</strong></p><p>El Titular es reserva el dret d&#039;efectuar sense previ avís les modificacions que consideri oportunes al seu portal, podent canviar, suprimir o afegir tants continguts i serveis que es prestin a través d&#039;aquesta, com la forma en què aquests apareguin representats o localitzats al vostre portal.<br />La vigència de les condicions esmentades anirà en funció de la seva exposició i estaran vigents fins que siguin modificades per altres degudament publicades.</p><p><strong>ENLLAÇOS</strong></p><p>En cas que a https://luxida.es s&#039;incloguessin enllaços o hipervincles cap a altres llocs d&#039;Internet, el Titular no exercirà cap tipus de control sobre aquests llocs i continguts. En cap cas el Titular assumirà cap responsabilitat pels continguts d&#039;algun enllaç pertanyent a un lloc web aliè, ni garantirà la disponibilitat tècnica, qualitat, fiabilitat, exactitud, amplitud, veracitat, validesa i constitucionalitat de qualsevol matèria o informació continguda en cap d&#039;aquests. hipervincles i altres llocs a Internet. Igualment, la inclusió d&#039;aquestes connexions externes no implicarà cap mena d&#039;associació, fusió o participació amb les entitats connectades.</p><p><strong>DRETS D&#039;EXCLUSIÓ</strong></p><p>El Titular es reserva el dret de denegar o retirar l&#039;accés al portal i/o als serveis oferts sense necessitat d&#039;advertiment previ, a instància pròpia o d&#039;un tercer, a aquells usuaris que incompleixin el contingut d&#039;aquest avís legal.</p><p><strong>GENERALITATS</strong></p><p>El Titular perseguirà l&#039;incompliment de les presents condicions així com qualsevol utilització indeguda del portal exercint totes les accions civils i penals que li puguin correspondre en dret.</p><p><strong>LEGISLACIÓ APLICABLE I JURISDICCIÓ</strong></p><p>La relació entre el titular i l&#039;usuari es regirà per la normativa espanyola vigent. Totes les disputes i reclamacions derivades d&#039;aquest avís legal les resoldran els jutjats i els tribunals espanyols del consumidor i usuari.</p><p><strong>MENORS D&#039;EDAT</strong></p><p>Aquesta web dirigeix els seus serveis a usuaris majors. Els menors d&#039;aquesta edat no estan autoritzats a utilitzar els nostres serveis i, per tant, no ens han d&#039;enviar les dades personals. Informem que si es dóna aquesta circumstància, el Titular no es fa responsable de les possibles conseqüències que es puguin derivar de l&#039;incompliment de l&#039;avís que s&#039;estableix en aquesta mateixa clàusula.</p><p><strong>MESURES DE SEGURETAT – SSL</strong></p><p>El Titular ha contractat per al seu lloc web un certificat SSL (Secure Sockets Layer).<br />Un certificat SSL permet protegir tota la informació personal i confidencial que es pugui manejar en un lloc web, independentment de la informació que s&#039;estigui transmetent, com ara des de qualsevol dels formularis de contacte del lloc web fins al servidor, o les dades introduïts per a la subscripció de butlletins de notícies o accessos a les àrees protegides, etc.<br />L&#039;adreça del lloc web apareixerà de color verd, activant-se el protocol “https” que permet connexions segures des d&#039;un servidor web al navegador de l&#039;usuari.</p><p>Última revisió: 24 de novembre de 2022</p>								</div>
				</div>
				</div>
				</div>

<p>Aviso Legal De conformidad con lo establecido en la Ley 34/2002, de 11 de julio, de servicios de la sociedad de la información y de comercio electrónico, se facilita la siguiente información: DATOS IDENTIFICATIVOS Usted está visitando la página web https://luxida.es  titularidad  LUXIDA SL con domicilio social en C. Gobelas, 13 1ª planta, Moncloa &#8211; [&hellip;]</p>
